 5 + 18.
14
Calculate 8 + (4 - (-2 - -2)) + -1.
11
What is the value of 8 + (-18 + 11 - -10 - 15)?
-4
6 - 14 - (14 - 31)
9
What is -5 + 38 - (39 - 22 - (-2 + 14))?
28
Calculate 13 + (88 - 65 - (-1 - -8)).
29
Evaluate -13 - (6 + -2 - 10).
-7
-7 - -1 - (0 - 10 - -12 - 11)
3
-18 + (22 + -6 - -2) + -1 + 8
7
What is the value of 9 + (-18 - 5 - -22)?
8
Evaluate 1 + 10 + (7 + 21 - 20).
19
29 + -5 - 12 - (6 + 0)
6
What is (18 - -1) + (19 - 28 - 7)?
3
What is the value of (-24 - (-22 + -5)) + -14?
-11
What is -7 + 3 - (-8 + (0 - -2))?
2
-39 + (19 - -16) + (0 - -12) + -3
5
(5 - (36 - 9 - 6)) + 3
-13
Evaluate -2 - -9 - (-12 + 12) - 34.
-27
What is the value of (-3 - (-4 + -3 + 1 + 1)) + -1?
1
What is 33 + -41 + 15 + 19?
26
21 + -30 + (10 + -7 - (-1 - 3))
-2
Evaluate (-373 - -379) + (4 - 5) + 2 + 22.
29
What is the value of -16 - ((-12 - -11 - 10) + -8)?
3
What is the value of 822 + -808 - (1 + 3)?
10
What is the value of -2 + 8 + 8 + -14 + 0 + 2?
2
-1 + -9 - (-20 + (26 - 21 - -10))
-5
What is the value of (1 - -7) + (21 - 10 - 14) + -26?
-21
Calculate (1 - 5 - -16) + -4.
8
(7 - (-14 + 8)) + (1 - 4)
10
(-12 - (-6 - 19)) + (-5 - -1) - 36
-27
414 + -412 + (-20 - 0) + 2
-16
(0 - -6) + (-17 - -14) - (8 + -15)
10
What is -310 + 331 - (8 + (0 - 2))?
15
What is 567 - 580 - (1 - -4)?
-18
What is 33 - (39 + 12 - -17)?
-35
What is the value of 31 + 1 + -58 + 33?
7
Calculate -318 - -310 - (-27 - 2).
21
Calculate -52 + 19 + 11 - -13.
-9
What is the value of -8 - (-3 + (-6 - -9)) - 9?
-17
Evaluate -9 + (7 - (8 - 12)) + -31 - 1.
-30
What is the value of 7 + -3 - (-11 + 3 + 2)?
10
What is 5 - 8 - (-10 - -26)?
-19
What is the value of 2 + 2 + 4 + -4 + 13 - -4?
21
13 + (4 + 0 - 19)
-2
What is 5 - ((3 - (-1 - 5)) + 13)?
-17
Calculate 1 + -9 - (-338 - -336).
-6
What is (3 - 3 - 6) + 6 + 6?
6
What is -11 + 11 - ((-4 - 5) + 2) - 43?
-36
What is the value of 18 - (17 - 8) - 4?
5
What is the value of (-33 - -37) + (3 - 1) - -1?
7
What is the value of 2 + 8 - 25 - 3?
-18
(2 - (-17 + 9 + 2)) + -3 + 8
13
Calculate 1 + 0 + -10 + -10 + 8.
-11
What is the value of 23 + -26 - (1 - 1) - -2 - -5?
4
Evaluate 18 - 6 - (5 + (10 + 0 - 0)).
-3
Calculate 5 + 1 - (-10 + (27 - 19)) - 11.
-3
2 + -3 + -2 + (40 - 29)
8
(-23 - -1) + 15 - (-15 + 0)
8
What is 0 - (2 - -2) - (70 - 77)?
3
What is the value of -11 + 0 - (-733 - -754)?
-32
Evaluate 18 - 24 - (-1 + 18) - (2 - 9).
-16
What is (-1 - -8) + -37 + -7 + 12 + -6?
-31
Evaluate 93 - 73 - 12 - ((-2 - -1) + 2).
7
-696 + 680 + 1 + 11
-4
What is the value of -42 - (-17 - ((-7 - 2) + 9 + -12))?
-37
What is the value of -1 - 6 - (-16 - (-22 - 8) - 15)?
-6
Calculate 16 + (25 - 17) - 11.
13
What is the value of 0 - (-6 - -12) - -11 - (0 - -6)?
-1
Calculate -6 - (13 - (8 - -19) - -5).
3
What is the value of 80 + -68 - (10 + 1 + -4)?
5
What is 8 + (-100 - -104 - (-4 + 1))?
15
Evaluate -117 + 141 - (-3 - -19).
8
What is 14 - 11 - (5 + (-10 + 6 - 2))?
4
Calculate (91 + -90 - (0 - -1)) + (-9 - -2).
-7
What is the value of (-1 - -1) + (49 - (47 + -27))?
29
-13 - (-3 + (-15 - -3) + -15 + 22)
-5
Evaluate -8 - (-36 + 11 + 8) - 24.
-15
Calculate (-1 + -3 - 1) + (-11 - -46).
30
What is 14 + -40 - -24 - (-8 - -1 - 3)?
8
Evaluate 1 - 14 - (14 + -15).
-12
Calculate -27 - ((3 - 0) + 1) - (37 + -43).
-25
Calculate -27 + (10 - -4) + -8 + (4 - 0).
-17
Calculate -10 - (1 + (12 - 8)).
-15
Calculate 2 + -25 + (321 - 273).
25
Calculate 21 + -1 + (-2051 - -2063).
32
Calculate -18 - (-19 - (-21 - 5)).
-25
Calculate (7 - -5) + -39 + -3 - (-1 - 8).
-21
Calculate -55 - -62 - (3 - 9) - -2.
15
Evaluate -9 + -7 + 3 + (-2 - -10).
-5
(0 - 2) + -5 + 3 + (-20 - -21)
-3
What is 1 - (22 + -14 + -16)?
9
What is 10 + (-22 + 4 - -3)?
-5
Calculate 3 + -3 + -30 - (20 + -15 - 8).
-27
What is the value of (2 - (-1 - 4)) + (2 - 6 - 22)?
-19
Calculate 5 + 5 + -7 - (-4 + 12).
-5
-1 - -18 - (538 + -525) - (1 + -8)
11
Calculate -16 - (22 - (-3 - -7)).
-34
What is the value of (-16 - -23) + (-4 - (-11 + 4 + -1))?
11
What is the value of -8 - -6 - (1 + 8 + -6) - 8?
-13
5 + (-5 - (-11 - -23))
-12
What is 0 + (-6 - -5) - 15 - (-6 - -2)?
-12
Calculate -2 + (6 + -3 - -1) - (-40 - -24).
18
What is 0 - 18 - (24 + -2 - 29)?
-11
-2 + -4 - (-23 + (2 - -4))
11
Calculate -14 + 72 + -36 + (-9 - (-1 - 1)).
15
Calculate 18 + (-26 - -32 - 1).
23
What is the value of -39 + 25 - (-28 - (6 + -1))?
19
(3 - 2 - 2) + 11
10
(-4 - 1) + (4 + 0 - -4)
3
What is -17 + -2 + (16 - 20)?
-23
What is the value of (-1 + -9 - -10) + 16 + -12?
4
What is the value of (-26 - -31) + (-12 - 0)?
-7
18 + (13 - -1 - 5 - 9)
18
Calculate (401 - 373) + 0 + 5.
33
What is the value of 41 - 38 - (4 - (3 + -2 + -7))?
-7
What is 2 - (11 + -1 + -13 + 14) - 22?
-31
(-4 + 1 - -6 - (2 - -3)) + -4
-6
Calculate -14 + (3 - -14) - 19.
-16
Calculate (13 - -3 - -3) + (7 - -5) + -9.
22
What is the value of 3 - (-11 + 18 + -4)?
0
Calculate -13 - (31 - 26 - 36).
18
Calculate 8 + -10 + 15 + (3 - -1 - 2).
15
What is the value of -197 - -197 - (0 - (0 + 2))?
2
(-5 - (3 + -5)) + 19 + 23
39
What is (-10 - (8 + -23) - (1 + -17)) + 2?
23
Calculate -70 + 81 + -2 + 2.
11
What is -14 + -15 + 41 + -9?
3
Calculate 23 - (60 + (47 - 69)).
-15
Calculate 2 + -9 - (-372 + 388).
-23
What is (10 - 5) + 1 + -1 + -6?
-1
What is the value of 2 + 2 + -11 + (8 - -3) - -8?
12
Evaluate -32 + -13 + 36 + -17 + 4.
-22
Evaluate -2 + 2 - (-16 + 10 + -5 + -2).
13
What is (-2 - 26 - 0) + -16 + 4 + 8?
-32
What is -13 + 3 + (-33 - -43) + 25?
25
Evaluate 1 + (-11 - (-9 - (-4 - -4))).
-1
Evaluate (31 - 9 - 17) + -14.
-9
Evaluate (-65 - -39) + (-2 - (4 - 4 - -1)).
-29
What is the value of 27 + -21 + (1 - (0 - -1) - -7)?
13
What is (0 + 8 + 8 + -9 - 1) + -6?
0
What is the value of (17 - (4 - 2)) + -6 + -38?
-29
Evaluate 1 - -25 - (83 - 67).
10
Evaluate -7 - (-4 + 8 + (-9 - 6) + 2).
2
-7 - ((-2 - 8) + 6) - -4
1
Calculate 1 - 19 - (-102 + 94).
-10
What is -1 - (2 + 15 + -8) - -22?
12
What is -15 + (-8 - -28) - 10?
-5
(48 - 1 - 8) + -27
12
Evaluate 24 - ((4 - -1) + 5 + 0 - 4).
18
Evaluate 1 + -25 - ((9 - 22) + (4 - -16)).
-31
Evaluate -14 - (3 - 5) - -25.
13
Evaluate (10 - -2) + -333 + 335.
14
26 - 14 - (20 + -1)
-7
Calculate -1 + 11 - (-9 + -1 + 40) - 9.
-29
Evaluate -13 + (-19 - -28 - 12).
-16
Evaluate (8 + -13 - -12) + -7 + (1 - 5).
-4
What is the value of 30 + -24 + (-1 - (-1 + -3 - -3))?
6
Evaluate 11 - 1 - ((0 - 23) + (-72 - -70)).
35
What is (-612 - -590) + 9 + 0?
-13
-1 - (-3 - (5 + -15 - -4))
-4
(-2 - (-6 - 1)) + (-8 - (25 - 62))
34
2 + -4 + -5 + (-8 - (-5 - 1))
-9
2 + -5 + 7 + -12 + 8
0
Calculate 2 + -7 - (7 + 1 + -47 + 47).
-13
-17 + (-10 + -12 - -27)
-12
Calculate (89 - 92) + -2 + 1 + -3 + 0.
-7
13 + -14 - (13 - (-2 - (2 - -6)))
-24
What is the value of (29 - 38) + -1 + -7 + (3 - 0)?
-14
-7 + 2 + -8 + -2 + 1 + 5
-9
What is the value of -7 - -3 - -2 - (3 + 0 - 2)?
-3
Calculate (1 + 6 - 1) + (-3 - (20 - 15)).
-2
Calculate 1 + 12 - (2 - (8 - 6)).
13
Calculate -33 + (-89 - -114) - (-25 + 0).
17
-4 - ((-14 - -42) + -15)
-17
What is (0 - 8) + (5 - -5 - 14)?
-12
What is (8 - 4) + -2 + (-5 - -2) - -15?
14
What is 9 - (-2 + 2) - (-296 + 304)?
1
What is (-14 - (-3 + 2)) + -328 + 345?
4
What is 0 + 6 + (37 - 75)?
-32
-8 - (-2 - -6) - (12 - 16)
-8
8 + (11 - (4 + 7 + 0))
8
-79 + 98 - (4 + 0)
15
Evaluate -137 + 149 + (-2 - 3 - 2).
5
0 + 13 + (-21 - (-12 + 23))
-19
Calculate -12 + 8 - (-1 - 9).
6
Calculate 1 - (-6 + 17 + -14).
4
9 + 12 - 27 - (6 + -2 - -3)
-13
Evaluate (-1 - -1) + (-4 - (2 + -5 - 12)).
11
(4 - -9) + -6 + -17 + 14
4
Calculate -6 - -7 - (-54 - -61 - (10 - -1)).
5
Calculate (-28 + 16 - (0 + -7)) + 8.
3
-71 + 25 - -25 - -49
28
Calculate 5 + -10 + 12 + -19.
-12
Calculate 3 - ((1 - -4 - 1) + -15 - -5).
9
Calculate (54 - 30) + 12 + -35.
1
Evaluate 5 + (0 - 10) + -8 + (7 - 12).
-18
-18 + (3 - 12 - -3) + 11
-13
What is the value of -1 - -38 - (-13 + (-5 - -22) + 2)?
31
-21 + (-20 - -10 - -13 - -4) + 2
-12
What is the value of (46 - 8 - 48) + 0 + 12 + -3?
-1
Calculate (1 + 0 - (13 - 10)) + (39 - 46).
-9
What is -76 + 77 - (7 - 0)?
-6
What is (1 - -7) + -22 + 16 + -1?
1
Evaluate 0 + 5 - (7 - -8) - -4.
-6
What is 9 - (34 + -23 - -4)?
-6
What is the value of -7 + 1 + 43 + -38 + -25?
-26
Calculate -26 - -1 - (123 + -118 - (11 - -2)).
-17
Calculate 1 + (-13 - (11 + -31)) - -12.
20
Calculate 1 + 0 + -34 